 r and 29?
29
Let n = 7 + -4. Calculate the greatest common factor of 30 and n.
3
Let m(v) = 19*v**3 + 2*v**2 - 2*v + 1. Let p be m(1). Calculate the greatest common factor of p and 180.
20
Let f(n) = 18*n**2 - 3*n + 3. Let d be f(3). Calculate the greatest common divisor of d and 39.
39
Let r be (-12)/(-8) + 2/4. Suppose -26 = -4*u + 3*y, r*y + 2*y - 16 = -u. Let w(v) = 5*v + 7. Let f be w(5). Calculate the greatest common divisor of u and f.
8
Let t(x) = -x**3 + 10*x**2 - x. Let f be t(8). Suppose 5*r = 2*r + f. What is the highest common divisor of 8 and r?
8
Let y = 128 + -362. Let r be 4/(-10) + y/15. Let x be (156/r)/((-2)/8). Calculate the highest common factor of x and 13.
13
Suppose q + 1 = 0, 2*q = 3*i + q - 145. Calculate the highest common factor of 6 and i.
6
Let u be -3*(-82)/12*2. Calculate the highest common divisor of 451 and u.
41
Suppose -4*r + 20 = r. Calculate the greatest common divisor of 16 and r.
4
Suppose -3*c + 0*c = 15. Let h be c/1 + 2 - -51. Calculate the greatest common factor of 32 and h.
16
Let p be 66/15 + (-2)/5. What is the greatest common factor of p and 8?
4
Let n = 23 - 10. Calculate the highest common factor of n and 39.
13
Let s(b) = -b + 9. Let d be s(7). Let k be (1 - (-2 - 11))/d. Let m = -56 + 98. What is the highest common factor of k and m?
7
Let b be 2*(1 - 6/(-4)). Suppose -3*s - b*q + 10 = 0, 5*s + 5*q - 31 = -11. What is the highest common divisor of 45 and s?
5
Suppose -l + 154 = s, -5*s = -s. Calculate the highest common divisor of l and 14.
14
Suppose 0*l + 2090 = 5*l. What is the highest common factor of l and 22?
22
Suppose 0 = 5*l - 378 + 98. Suppose -5*h + l + 99 = 0. Suppose -4*t - 11 + h = 0. Calculate the highest common factor of 1 and t.
1
Let l = -37 - -181. What is the highest common factor of l and 16?
16
Suppose 4*f - 10 - 6 = 0. Let v(p) = 3*p**3 - 5*p**2 + 6*p - 4. Let n be v(2). Suppose f*y = n + 8. What is the highest common factor of y and 35?
5
Let i be (-1 - -3) + (-54)/(-1). Suppose -3*z - z + 936 = 0. Let s be z/30 + 1/5. Calculate the highest common factor of s and i.
8
Let n = -24 - 7. Let k be 1*(3 - 1 - n). What is the greatest common factor of 22 and k?
11
Let b(m) = -m**3 - m**2 - m - 1. Let n be b(-3). Calculate the highest common divisor of 100 and n.
20
Suppose 4*z = 5*z - 54. Suppose 2*n - z = -4*p, -4*p + 4*n + 21 = -15. Calculate the greatest common divisor of 96 and p.
12
Let f = -2 - 13. Let q = f + 24. What is the highest common factor of q and 9?
9
Suppose -3*b + 4*b = 28. What is the highest common divisor of 140 and b?
28
Suppose -4*n + 3*u + 9 = 2*u, 3*u = 2*n + 3. Suppose 0 = -5*t + n*t + 24. Calculate the greatest common divisor of 96 and t.
12
Let i = -17 - -28. Suppose -2*u + i = -3. Calculate the highest common divisor of u and 21.
7
Let y be 1*(2 - -3 - 4). Calculate the highest common divisor of 4 and y.
1
Suppose 7*t - 13*t + 144 = 0. Suppose -3*z + 2*w + 212 = 26, 0 = w + 3. What is the highest common divisor of t and z?
12
Let h = 101 + -21. Let y(p) = p**3 + p**2 + 2*p - 1. Let b be y(-3). Let o = b - -45. Calculate the highest common factor of h and o.
20
Suppose 0 = 37*n - 43*n + 84. Calculate the greatest common factor of n and 14.
14
Let z(n) = -n**2 + 14*n - 5. Let h be z(9). Calculate the greatest common factor of 8 and h.
8
Let f = -43 - -55. What is the highest common divisor of f and 6?
6
Suppose 0 = 16*m - 596 - 124. What is the greatest common factor of 360 and m?
45
Let g = -39 - -21. Let l be g/((-2)/(-8)*-6). What is the highest common factor of 132 and l?
12
Let v = -6 + 11. Suppose -v*o - 10 = 0, 4*y + 0*o - 40 = 4*o. What is the greatest common factor of y and 8?
8
Let g = -13 - -18. Suppose 5*w + 5 = 0, 6*r - g*w = 2*r + 5. Suppose 6*o + 5*x + 21 = 2*o, 5*o + 5*x + 20 = r. Calculate the highest common divisor of o and 7.
1
Suppose o = 6*o - 15. Suppose -96 = -4*t + 2*u, -o*t = 2*t + 2*u - 120. Calculate the highest common factor of t and 8.
8
Suppose -105 = -4*t + 47. What is the highest common factor of t and 19?
19
Let m be ((-6)/21)/(3/(-63)). What is the highest common divisor of m and 102?
6
Let m be ((-5)/(-3))/(2/6). Let o be (-1)/3*0*1. Suppose o = -t + 5*t - 80. What is the highest common factor of t and m?
5
Suppose 3*y - j + 11 = -0*j, 2*y = -5*j + 4. Let l be (-86)/(-8) + y/4. What is the highest common divisor of 10 and l?
10
Let r(w) = -w + 4. Let i be r(-4). Suppose u = -3*u + i. Let p be (1/u)/((-1)/(-10)). Calculate the greatest common factor of 25 and p.
5
Suppose 0*w + j = -3*w + 621, 0 = 3*w + 2*j - 621. What is the greatest common factor of 23 and w?
23
Suppose 41 + 71 = 2*f. Calculate the highest common divisor of f and 7.
7
Suppose 5*p = -4*v + 8, -2*v - 24 = -3*p + 2*v. Suppose -2*c + 20 = -p*w, 6*c - 5*c - w = 11. Let g = c + 8. Calculate the greatest common factor of g and 80.
20
Let r(k) = 22*k + 4. Let n be r(3). Suppose 5*b = 27 - 2. Suppose b*y = -17 + 67. Calculate the greatest common divisor of n and y.
10
Let h be ((-192)/30)/((-2)/10). Calculate the highest common divisor of h and 4.
4
Let m be 448/(-35) + 2/(-10). Let z(p) = -p**3 - 13*p**2 - 2*p - 17. Let i be z(m). Calculate the highest common factor of i and 6.
3
Let y(j) = j**2 + 10*j + 3. Let m be y(-10). What is the highest common divisor of m and 1?
1
Let u be (-6)/(3 - 27/8). What is the greatest common factor of u and 128?
16
Let z be (-4)/(-28) - (-167)/7. Suppose 0 = -2*x + u + 14, 2*u + 48 = 5*x + 6*u. What is the highest common factor of x and z?
8
Suppose 0 = -3*v + 4*w + 1000, 5*w + 0*w - 1292 = -4*v. Calculate the highest common divisor of 41 and v.
41
Suppose -5*t - 4*a = a - 85, t - 9 = -3*a. Suppose 5*v - t = 9. Calculate the greatest common divisor of 42 and v.
6
Let m be 3 + (-12)/3 - -137. Let t(k) = k**2 + k + 5. Let n be t(-4). What is the greatest common factor of n and m?
17
Suppose -4*k - 3*x = -5, -k - 2*k + 5*x = -40. Calculate the highest common divisor of 55 and k.
5
Suppose 2*l = 4*x - 4, 2*x - 3*l - 10 = -4*l. Suppose 0*u = x*u. Let s = 3 - u. What is the greatest common factor of 21 and s?
3
Let z be (-3)/2*(-10)/15. What is the highest common factor of z and 3?
1
Suppose 31 = -2*s + 51. Suppose -2*f = -4*v, 10 = 5*v - 0*v. What is the highest common divisor of f and s?
2
Let g(h) = 2*h**3 + h**2 - h**3 - 2*h**3 - 7*h + 6. Let q be g(-6). Suppose -n + 5*n - q = 0. Calculate the highest common divisor of n and 15.
15
Suppose 3*q = -q + 136. Suppose -3*o - 12 = t - q, -15 = -2*o - t. Suppose -y = -50 + 1. Calculate the greatest common factor of o and y.
7
Let i(r) = 29*r - 2. Let h be i(3). Let j(n) = -3*n + 106. Let f be j(24). What is the highest common divisor of h and f?
17
Suppose 20 = 4*o, 2*h + 0*o - 2*o - 126 = 0. Suppose 2*b = -0*b + h. Calculate the greatest common divisor of b and 85.
17
Suppose -11 = -3*a - 2. Let b be a/2 + (-27)/(-2). What is the greatest common factor of b and 150?
15
Let c(q) = q + 12. Let g be c(0). Let x = -10 + g. What is the greatest common divisor of 14 and x?
2
Let n = 5 - 2. Suppose 0*o + 5*o - 761 = n*l, l = 3. What is the highest common factor of 22 and o?
22
Let c(d) = -3*d**3 - d**2 + 2*d. Let l be c(-2). What is the greatest common divisor of 128 and l?
16
Suppose -4*f = -3*f - 9. Calculate the highest common divisor of 45 and f.
9
Let m be ((-12)/9)/2*6. Let q = -6 - m. Let r be (-296)/(-12) - q/(-3). What is the highest common factor of r and 4?
4
Let l = 41 + -36. Let a be 119/3 - 2/(-6). What is the greatest common divisor of a and l?
5
Let c(b) = 4*b**2 + b. Let l be c(-2). Let m be l/(1*2/3). Suppose 0 = 6*g - 2*g - 28. What is the greatest common divisor of m and g?
7
Let c(k) = -k**3 - 4*k**2 + k + 2. Let m be c(-4). Let z be (18 - 1) + (m - -2). Calculate the highest common divisor of 17 and z.
17
Let w = -34 - -37. Let h(x) = 2*x**2 - 2*x. Let k be h(-3). Calculate the greatest common factor of k and w.
3
Suppose 8*f - 42 = 2*f. Calculate the greatest common divisor of f and 63.
7
Suppose 0 = -5*t + 113 + 547. Let o = -131 - -143. What is the greatest common factor of o and t?
12
Let v(m) = 7*m - 26. Let t be v(7). Suppose j - 42 = -2*d, -77 = -5*d + 2*d + 2*j. Calculate the greatest common factor of t and d.
23
Let b be 1/3*6 + 126. What is the gr